*o - h. Calculate t(4).
1
Let r(a) = a**3 - a**2 + 6*a + 36. Let c be r(0). Let g = c + -25. Let i(b) = -b**3 + 12*b**2 - 12*b + 11. Calculate i(g).
0
Suppose 4*i = 4*j - 64, 3*i + j = 145 - 169. Let l(h) = h**2 + 11*h + 22. Determine l(i).
12
Let y(t) be the second derivative of -t**5/20 + 3*t**4/4 + 16*t**3/3 - 50*t**2 - 8*t + 843. Give y(11).
10
Let x(r) = -r**3 - 7*r**2 - 2*r. Suppose -26*w - 12*w + 15922 = 0. Let o = 413 - w. Calculate x(o).
-24
Let z(f) = -f - 1. Let k = 36 + 36. Suppose -c - 67 + k = 0. What is z(c)?
-6
Let k(q) = -2*q - 7. Let v(t) = t**3 + 12*t**2 + t + 14. Let j be v(-12). Suppose -8 = -j*u - 14. Give k(u).
-1
Let g(k) = 5*k**2 - 5*k + 3*k**3 + 28 - 28 + 2*k + k**3 - 5*k**3. Let m(w) = w + 3. Let n be m(0). What is g(n)?
9
Suppose 96 = 37*n - 311. Let x(p) = 56*p + 60*p + 12 + 6 - 2 - 119*p. Determine x(n).
-17
Let m(o) = o**2 + 3*o + 1. Let s be (-2)/6 - (-56)/(-12). Let l(r) = -218 + 425 - r**3 - 4*r**2 - 204 + 6*r. Let x be l(s). Calculate m(x).
-1
Suppose 3*n = 6 + 9. Let f(v) = -v + 3. Let g be f(n). Let w(m) = 12*m - 39860 - 39858 + 3*m**2 + 79720 - 8*m. Calculate w(g).
6
Let h(m) = -4*m**3 - 5*m**2 - 4*m + 29. Let a(u) = u**3 - 2*u**2 - 2*u. Let d(l) = -5*a(l) - h(l). What is d(16)?
-61
Let t(p) = 2*p**2 + 6*p + 6. Let z be (448/70)/((-1)/(-5)). Suppose z*l = -5*l - 185. Give t(l).
26
Suppose -45*k + 79 + 374 = 48. Let h(z) = -z**3 + 8*z**2 + 8*z + 8. Give h(k).
-1
Let k(c) = c**2 + 7*c + 1. Suppose 18 = -5*g + 28, 3*g = -6*f - 48. Determine k(f).
19
Let w(i) = i**2 - 7*i - 3. Let b be (48/(-28))/((-24)/112). What is w(b)?
5
Let g = 10503 + -10501. Let y(n) = -21*n + 47. Give y(g).
5
Let x(h) be the second derivative of 5*h**3/3 + 13*h**2 - 846*h + 1. Give x(-3).
-4
Let w(u) = -13 - 23*u**2 + 26 - 10 - 4. Give w(-1).
-24
Suppose -2*y - 10 = -3*w + 27, -5*w - 5*y + 45 = 0. Let n(j) = 3 + 0*j + j**2 - 3*j**2 - w*j + 4*j**2. Give n(5).
-2
Suppose 3*x + 132 = -15. Let b(y) = -48*y**2 - 2. Let a be b(1). Let q = a - x. Let u(f) = 3*f**2. What is u(q)?
3
Let v(r) = r**3 - 6*r**2 - 2. Let g be (5 - (-28)/(-8)*1)*2. Let n(k) = -26*k + 84. Let p be n(g). Calculate v(p).
-2
Let h(x) = -6*x + 958. Let k(l) = -l + 194. Let t(g) = -h(g) + 5*k(g). Suppose 0*z + 3*z + 6 = 0. Let n(s) = -2*s**2 - s - 2. Let u be n(z). What is t(u)?
4
Let v(g) be the first derivative of g**4/4 + 5*g**3/3 - g**2/2 - 2*g + 3. Suppose 0 = 2*h + 3*n + 19, -5*h - 2*n = 49 - 18. Determine v(h).
3
Let w(k) = -5*k**2 - 13*k - 1. Let f(m) = -12*m**2 - 27*m + 8. Let j(o) = -4*f(o) + 10*w(o). Calculate j(-9).
-6
Suppose 253 = 4*a - 1347. Suppose -406*n = -a*n. Let q(f) = f**2 + 7. What is q(n)?
7
Let i be (-2)/((-24)/477*3/4). Let j = i + -119. Let o = j + 77. Let k(f) = f**3 - 12*f**2 + 10*f + 2. Give k(o).
-9
Let r(d) be the second derivative of -d**3/3 + 3*d**2/2 - d. Suppose 0 = 5*l - 2*p + 4195, 4*p + 460 + 1218 = -2*l. Let u = l + 843. Give r(u).
-5
Let c = 60 - 86. Let a = c - -15. Let f(x) = -176*x + 65. Let m(j) = -39*j + 16. Let h(u) = -2*f(u) + 9*m(u). Give h(a).
3
Let m be 96*(5 + -3 + (-9)/3). Let p = m - -93. Let z(s) = -6*s - 13. Determine z(p).
5
Let n(f) be the second derivative of -f**8/6720 + f**7/2520 + 11*f**5/120 + f**4/12 - 3*f**2/2 - 6*f. Let p(t) be the third derivative of n(t). What is p(0)?
11
Suppose -8*a = -0*a + 456. Let i = -54 - a. Let q(o) = -14*o + 28. Let b(g) = -5*g + 10. Let j(d) = 11*b(d) - 4*q(d). What is j(i)?
1
Let c(w) = w**3 + 8*w**2 + 9*w - 3. Let z(d) = -d**2 - 19*d - 7. Let s be 8*(-7)/42 + 106/(-6). Let m be z(s). Give c(m).
-17
Let r(x) = 6 - 33*x - 24*x + 4 + 83*x + 5*x**2. Let z(h) be the first derivative of h**3/3 + 5*h**2/2 + 2*h - 2. Let k(v) = -2*r(v) + 11*z(v). Give k(-2).
0
Let t(m) = -m**2 - 4*m + 3. Suppose 0 = -19*l + 9*l. Suppose 0 = 3*z + 5*o - 4*o + 16, l = 4*z - 2*o + 28. Calculate t(z).
-9
Let o(m) be the first derivative of 3*m**2/2 + 13*m + 2. Let y(u) = u**3 - 80*u**2 - 4*u + 314. Let s be y(80). Determine o(s).
-5
Suppose 6*u + 9 = 21. Let l(p) = 24 - p**u - 7 - 3 - 8. Calculate l(5).
-19
Let k(a) = -a - 2. Let p(w) = -7*w**3 + w**2 - w + 1. Let r be p(1). Let j be (0 + 3)*4/r. Let i(o) = -2*o**2 - 3*o + 1. Let d be i(j). What is k(d)?
-1
Suppose -3*t - 8*t + 55 = 0. Suppose 0 = -t*j + 2*g - 3 - 13, -5*j - 7 = g. Let r(i) = 5*i + 3. Give r(j).
-7
Let t(d) = 3*d**3 - 2*d**2 - 2*d + 1. Let i(b) = -14*b**3 + 9*b**2 + 11*b - 15. Let k(p) = -i(p) - 5*t(p). What is k(0)?
10
Let s(h) = -h**3 - 16*h**2 - 15*h - 7. Let o(z) = -471*z - 3312. Let p be o(-7). Give s(p).
-7
Let c = 3263 + -3264. Let h(u) = 21*u**3 - 2*u**2 - 3*u - 2. Calculate h(c).
-22
Let p(u) = -3*u**3 + 35*u**2 + 41*u + 4. Let d(l) = -l**3 + 12*l**2 + 14*l + 1. Let t(h) = -11*d(h) + 4*p(h). Suppose 0 = -18*i + 118 + 44. Determine t(i).
14
Let x(n) = 2*n**3 + 11*n**2 - 6*n + 6. Let c = -42 + 36. Let q be x(c). Let j(t) = 2*t - 5. Let i be j(q). Let a(k) = k**2 - 8*k + 6. Calculate a(i).
-1
Suppose -12 = -k - 2*k + 3*o, 5*o = -5*k. Suppose k*p - 8*c - 6 = -4*c, -4*p = -2*c - 18. Let q(f) = f**2 + 14*f - 5*f + p - f - 1. Determine q(-8).
4
Let l be -2 + (-850)/(-12) - (-10)/60. Let d = -63 + l. Let y(h) = -3 + h - 1 + 2. Calculate y(d).
4
Let f(p) = 7*p**3 - 6*p**2 - 4*p. Let u(g) = 17*g**3 - 13*g**2 - 8*g + 1. Let o(z) = -7*f(z) + 3*u(z). Calculate o(-2).
-9
Let d(g) be the second derivative of -g**3/3 + 12*g**2 - 2932*g. What is d(8)?
8
Let k(n) = -12*n + 10*n - 22 + 10 + 8. Let o = -6 - 12. Let z = o - -12. What is k(z)?
8
Let z(j) be the second derivative of j**5/20 - j**4/2 - j**3/3 + 3*j**2 - 14*j + 40. Give z(4).
-34
Let r(l) = -4*l + 30. Let t be (42 - 0)/(-2)*-7*4/98. Determine r(t).
6
Let r = -20849 - -20877. Let c(n) = n - 95. Calculate c(r).
-67
Suppose 0 = 350*s - 395*s + 360. Let w(q) = q + 11. What is w(s)?
19
Suppose 3*l - 10*u + 29 = -6*u, 10 = 2*u. Let t(k) = -4*k**2 + 3*k + 4. Let d(z) = 6*z**2 - 3*z - 4. Let v(r) = 4*d(r) + 5*t(r). Determine v(l).
31
Suppose -85*j = -452 + 32 - 1365. Let i(w) be the second derivative of 3/2*w**2 + 0 + j*w + 1/2*w**3. What is i(-3)?
-6
Let p(q) be the second derivative of 13*q**3/6 - 155*q**2/2 + 406*q. Calculate p(12).
1
Let o(r) = -r - 1. Let x(m) = -3*m + 3. Let z be -2 - -4 - 3/(-24)*-8. Let u = 0 - 2. Let h(b) = u*o(b) + z*x(b). Calculate h(0).
5
Let q(j) = -j**3 - 33 + 16 - 12*j**2 + 7*j + j + 4*j. Let l = -128 + 115. Calculate q(l).
-4
Let c(d) be the second derivative of -10*d + 1/2*d**2 + 1/4*d**4 + 1/6*d**3 - 7. What is c(-3)?
25
Let u(v) = v - 2. Suppose -s - 5*k = 19, 4*k = -s + 5*s + 4. Let f be -2 + (-42)/12 + 2/s. Let x be (-8 - f)*7/2. What is u(x)?
-9
Let f = 7 - 2. Let p(q) = -q - 2*q**2 - 36928353 + q**2 + 36928350. What is p(f)?
-33
Let t(r) be the first derivative of -r**3/3 + 3*r**2 - r + 172. Let b(n) = n - 3. Let a be b(-3). Let u = a - -11. Give t(u).
4
Suppose v - 7 = -9*z + 6*z, -5*z = 5*v + 5. Let l(g) = -3 - g + 12 + 5 - z. Give l(8).
2
Let n be (-11 - -17)*(2 - 1). Let h be 51/7 + n/(-21). Let r(q) = -6*q - 3 + h - 1 + 5*q. Give r(5).
-2
Let z(o) = 3*o - 25. Let t(i) = 6*i**2 - 2*i + 4. Let g be t(6). Suppose 4*q - g = -22*q. Give z(q).
-1
Let r(m) = -m**3 + 6*m**2 - 4*m - 3. Let a be r(5). Suppose -3*u - a - 13 = 0, -4*h + 270 = -2*u. Let p(j) = -h - 6*j + 3*j**2 - 4*j**2 + 59. Calculate p(-6).
-6
Let u(l) = -l**2 + 14*l - 37. Let n be u(9). Let w(v) = -v**2 - 17 - 4*v + n + 14. What is w(-4)?
5
Let o(k) = -14*k - 3. Let x(w) = -83*w - 32. Let n(j) = 6*o(j) - x(j). Let s be (-28)/6*(-6)/4. Calculate n(s).
7
Let r(l) be the third derivative of -l**7/2520 - l**6/120 - l**5/5 + l**3/3 + 60*l**2 - 2*l. Let t(m) be the third derivative of r(m). Give t(0).
-6
Let h(z) = -13*z + 148. Let k(l) = 28*l - 294. Let j(o) = -9*h(o) - 4*k(o). Determine j(31).
-1
Let z be (-155)/62*-1*(-6)/30*8. Let o(c) = -2 + 3*c + c**2 + 3 - 4. Calculate o(z).
1
Let o(m) = 2*m + 8. Let r be 14/((4 + 3 - 0) + -6 + 1). Calculate o(r).
22
Let k(h) = -5*h**2 - h - 4. Let p(c) = -c**3 + 10*c**2 + c + 8. Let z(j) = -5*k(j) - 2*p(j). Let g be (10 - (19 - 4)) + 2. Calculate z(g).
-14
Suppose -4*t = 5*t - 261. Suppose t*h + 6 = 30*h. Let r(i) be the first derivative of i**2/2 - 7*i + 1. Determine r(h).
-1
Let o(c) = c**2 + 8*c + 3. Let a(n) = -3*n**2 - 20*n + 68. Let t(w) = -7*w**2 -